{"id":509,"date":"2022-10-17T12:42:49","date_gmt":"2022-10-17T10:42:49","guid":{"rendered":"https:\/\/xn--kieferorthopde-seelscheid-wec.de\/?page_id=509"},"modified":"2022-10-17T12:42:51","modified_gmt":"2022-10-17T10:42:51","slug":"impressum","status":"publish","type":"page","link":"https:\/\/kfoseelscheid.de\/?page_id=509","title":{"rendered":"Impressum"},"content":{"rendered":"\n<p>Dieses Impressum gilt auch f\u00fcr unsere Pr\u00e4senzen auf anderen Webseiten inklusive Social Media Profile.<\/p>\n\n\n\n<p><strong>PFLICHTANGABEN NACH \u00a7 5 TMG UND \u00a7 55 RSTV<\/strong><\/p>\n\n\n\n<p>Kieferorthop\u00e4die Seelscheid<br>Dr. Katharina K\u00fcpper-Wolf<br>Zeithstra\u00dfe 142<br>53819 Seelscheid<\/p>\n\n\n\n<p>Tel. 02247\/9150573<br><a href=\"mailto:praxis@kfoseelscheid.de\">praxis@kfoseelscheid.de<\/a><br>Praxis-\/Rechtsform: Einzelpraxis<\/p>\n\n\n\n<p><strong>JOURNALISTISCH-REDAKTIONELLE VERANTWORTUNG<\/strong><\/p>\n\n\n\n<p>Sofern nicht anders vermerkt, liegt die journalistisch-redaktionelle Verantwortung bei Dr. Katharina K\u00fcpper-Wolf. Gem\u00e4\u00df \u00a7 28 BDSG widerspreche ich jeder kommerziellen Verwendung und Weitergabe meiner Daten.<\/p>\n\n\n\n<p><strong>KONTAKT<\/strong><\/p>\n\n\n\n<p>Kieferorthop\u00e4die Seelscheid<br>Dr. Katharina K\u00fcpper-Wolf<br>Zeithstra\u00dfe 142<br>53819 Seelscheid<\/p>\n\n\n\n<p>Tel. 02247\/9150573<br><a href=\"mailto:praxis@kfoseelscheid.de\">praxis@kfoseelscheid.de<\/a><\/p>\n\n\n\n<p><strong>GESETZLICHE BERUFSBEZEICHNUNG<\/strong><\/p>\n\n\n\n<p>Dr. Katharina K\u00fcpper-Wolf<br>Zahnarzt, Erwerb der Approbation 2010 in Bonn<br>Land der Approbation: Deutschland<\/p>\n\n\n\n<p><strong>ZUST\u00c4NDIGE BEH\u00d6RDEN<\/strong><\/p>\n\n\n\n<p><strong>Zahn\u00e4rztekammer Nordrhein<\/strong><br>K\u00f6rperschaft des \u00f6ffentlichen Rechts<br>Emanuel-Leutze-Stra\u00dfe 8<br>40547 D\u00fcsseldorf<br>Telefon: 0211 \/ 44704-0<br>E-Mail: info@zaek-nr.de<br><a href=\"https:\/\/www.zahnaerztekammernordrhein.de\/\">www.zahnaerztekammernordrhein.de<\/a><\/p>\n\n\n\n<p><strong>Kassenzahn\u00e4rztliche Vereinigung Nordrhein<\/strong><br>K\u00f6rperschaft des \u00f6ffentlichen Rechts<br>Lindemannstra\u00dfe 34\u201342<br>40237 D\u00fcsseldorf<br>Telefon: 0211 \/ 96840<br>E-Mail: info@kzvnr.de<br><a href=\"https:\/\/www.kzvnr.de\/\">www.kzvnr.de<\/a><\/p>\n\n\n\n<p><strong>BERUFSRECHTLICHE REGELUNGEN<\/strong><\/p>\n\n\n\n<p><a href=\"http:\/\/www.sozialgesetzbuch-sgb.de\/sgbv\/1.html\">Sozialgesetzbuch, F\u00fcnftes Buch (SGB V) \u2013 Gesetzliche Krankenversicherung<\/a><br><a href=\"https:\/\/www.gesetze-im-internet.de\/zo-zahn_rzte\/BJNR005820957.html\">Zulassungsverordnung f\u00fcr Vertragszahn\u00e4rzte (Zahn\u00e4rzte-ZV)<\/a><br><a href=\"https:\/\/www.gesetze-im-internet.de\/zhg\/BJNR002210952.html\">Gesetz \u00fcber die Aus\u00fcbung der Zahnheilkunde (ZHG)&nbsp;<\/a><br><a href=\"https:\/\/www.gesetze-im-internet.de\/zhg\/anlage.html\">Anlage zum Zahnheilkundegesetz&nbsp;<\/a><br><a href=\"https:\/\/www.gesetze-im-internet.de\/z_pro\/BJNR000370955.html\">Approbationsordnung f\u00fcr Zahn\u00e4rzte (ZappO)&nbsp;<\/a><br><a href=\"https:\/\/www.bzaek.de\/fileadmin\/PDFs\/GOZ\/gebuehrenordnung_fuer_zahnaerzte_2012.pdf\">Geb\u00fchrenordnung f\u00fcr Zahn\u00e4rzte<\/a><br><a href=\"https:\/\/www.gesetze-im-internet.de\/heilmwerbg\/BJNR006049965.html\">Heilmittelwerbegesetz<\/a><\/p>\n\n\n\n<p><strong>LANDESSPEZIFISCHE REGELUNGEN (NORDRHEIN)<\/strong><\/p>\n\n\n\n<p><a href=\"https:\/\/www.zahnaerztekammernordrhein.de\/fileadmin\/user_upload\/Downloads\/Rechtsvorschriften\/Berufsordnung_der_ZAEK_Nordrhein.pdf\">Berufsordnung der Zahn\u00e4rztekammer Nordrhein<\/a><br><a href=\"http:\/\/www.zahnaerztekammernordrhein.de\/\">Heilberufe-Kammergesetz<\/a><\/p>\n\n\n\n<p><strong>CORPORATE IDENTITY, WEBSITE-LAYOUT, TEXT UND BILDSPRACHE<\/strong><\/p>\n\n\n\n<p>Dr. Katharina K\u00fcpper-Wolf<\/p>\n\n\n\n<p><strong>WEBSITE, TECHNISCHE KONZEPTION &amp; UMSETZUNG<\/strong><\/p>\n\n\n\n<p>Johannes Nolte<\/p>\n\n\n\n<p><strong>BILDNACHWEIS<\/strong><\/p>\n\n\n\n<p>Fotolia<br>Niklas Berg<\/p>\n\n\n\n<p><strong>URHEBERRECHT<\/strong><\/p>\n\n\n\n<p>Die auf dieser Webseite ver\u00f6ffentlichten Inhalte und Werke (u.a. Bilder) unterliegen dem deutschen Urheberrecht. Jede Bearbeitung, Verbreitung, Vervielf\u00e4ltigung und jede Art der Verwertung au\u00dferhalb der Grenzen des Urheberrechts bed\u00fcrfen der vorherigen schriftlichen Zustimmung des jeweiligen Urhebers. Downloads und Kopien dieser Seite sind nur f\u00fcr den privaten, nicht kommerziellen Gebrauch gestattet. Soweit Inhalte dieser Seite von Dritten erstellt wurden, wird auch hier das Urheberrecht beachtet. Sollten dennoch Inhalte mit Rechtsverletzungen vorhanden sein, bitte geben Sie mir einen entsprechenden Hinweis. Diese Inhalte werden bei Kenntnisnahme umgehend entfernt.<\/p>\n\n\n\n<p><strong>HAFTUNGSBESCHR\u00c4NKUNG F\u00dcR EIGENE INHALTE<\/strong><\/p>\n\n\n\n<p>Die auf dieser Webseite ver\u00f6ffentlichten Inhalte und Werke (u.a. Bilder) unterliegen dem deutschen Urheberrecht. Jede Bearbeitung, Verbreitung, Vervielf\u00e4ltigung und jede Art der Verwertung au\u00dferhalb der Grenzen des Urheberrechts bed\u00fcrfen der vorherigen schriftlichen Zustimmung des jeweiligen Urhebers. Downloads und Kopien dieser Seite sind nur f\u00fcr den privaten, nicht kommerziellen Gebrauch gestattet. Soweit Inhalte dieser Seite von Dritten erstellt wurden, wird auch hier das Urheberrecht beachtet. Sollten dennoch Inhalte mit Rechtsverletzungen vorhanden sein, bitte geben Sie mir einen entsprechenden Hinweis. Diese Inhalte werden bei Kenntnisnahme umgehend entfernt.<\/p>\n\n\n\n<p><strong>HAFTUNGSBESCHR\u00c4NKUNG F\u00dcR EXTERNE INHALTE<\/strong><\/p>\n\n\n\n<p>Diese Webseite enth\u00e4lt Verkn\u00fcpfungen zu Webseiten Dritter (externe Links). Hier haben wir keinen Einfluss auf deren Inhalte und \u00fcbernehmen somit keine Gew\u00e4hr. Diese Feststellung gilt f\u00fcr alle innerhalb des eigenen Internetangebotes gesetzten Links und Verweise sowie f\u00fcr Fremdeintr\u00e4ge in vom Autor eingerichteten G\u00e4steb\u00fcchern, Diskussionsforen, Linkverzeichnissen, Mailinglisten und in allen anderen Formen von Datenbanken, auf deren Inhalt externe Schreibzugriffe m\u00f6glich sind. F\u00fcr die Richtigkeit und Inhalt der jeweiligen verlinkten Webseite ist der Informationsanbieter verantwortlich. Zum Zeitpunkt der Verlinkung waren keine Rechtsverst\u00f6\u00dfe erkennbar. Wenn hier eine Rechtsverletzung bekannt wird, wird der jeweilige Link entfernt.<\/p>\n\n\n\n<p><strong>RECHTSWIRKSAMKEIT DIESES IMPRESSUMS (SALVATORISCHE KLAUSEL)<\/strong><\/p>\n\n\n\n<p>Dieses Impressum ist als Teil des Internetangebotes zu betrachten, von dem aus auf diese Seite verwiesen wurde. Sofern Teile oder einzelne Formulierungen dieses Textes der geltenden Rechtslage nicht, nicht mehr oder nicht vollst\u00e4ndig entsprechen sollten, bleiben die \u00fcbrigen Teile des Dokumentes in ihrem Inhalt und ihrer G\u00fcltigkeit davon unber\u00fchrt.<\/p>\n\n\n\n<p><strong>HINWEISE ZUM ALLGEMEINEN GLEICHBEHANDLUNGSGESETZ<\/strong><\/p>\n\n\n\n<p>Auf Grund der leichteren Lesbarkeit wird auf eine geschlechterspezifische Differenzierung verzichtet. Entsprechende Begriffe gelten im Sinne der Gleichbehandlung f\u00fcr beide Geschlechter.<\/p>\n","protected":false},"excerpt":{"rendered":"<p>Dieses Impressum gilt auch f\u00fcr unsere Pr\u00e4senzen auf anderen Webseiten inklusive Social Media Profile. PFLICHTANGABEN NACH \u00a7 5 TMG UND \u00a7 55 RSTV Kieferorthop\u00e4die SeelscheidDr. Katharina K\u00fcpper-WolfZeithstra\u00dfe 14253819 Seelscheid Tel. 02247\/9150573praxis@kfoseelscheid.dePraxis-\/Rechtsform: Einzelpraxis JOURNALISTISCH-REDAKTIONELLE VERANTWORTUNG Sofern nicht anders vermerkt, liegt die journalistisch-redaktionelle Verantwortung bei Dr. Katharina K\u00fcpper-Wolf. Gem\u00e4\u00df \u00a7 28 BDSG widerspreche ich jeder kommerziellen Verwendung&hellip;&nbsp;<a href=\"https:\/\/kfoseelscheid.de\/?page_id=509\" rel=\"bookmark\">Weiterlesen &raquo;<span class=\"screen-reader-text\">Impressum<\/span><\/a><\/p>\n","protected":false},"author":1,"featured_media":0,"parent":0,"menu_order":0,"comment_status":"closed","ping_status":"closed","template":"","meta":{"neve_meta_sidebar":"","neve_meta_container":"","neve_meta_enable_content_width":"","neve_meta_content_width":0,"neve_meta_title_alignment":"","neve_meta_author_avatar":"","neve_post_elements_order":"","neve_meta_disable_header":"","neve_meta_disable_footer":"","neve_meta_disable_title":"","footnotes":""},"class_list":["post-509","page","type-page","status-publish","hentry"],"yoast_head":"<!-- This site is optimized with the Yoast SEO plugin v27.4 - https:\/\/yoast.com\/product\/yoast-seo-wordpress\/ -->\n<title>Impressum - Kieferorthop\u00e4die Seelscheid<\/title>\n<meta name=\"robots\" content=\"index, follow, max-snippet:-1, max-image-preview:large, max-video-preview:-1\" \/>\n<link rel=\"canonical\" href=\"https:\/\/kfoseelscheid.de\/?page_id=509\" \/>\n<meta property=\"og:locale\" content=\"de_DE\" \/>\n<meta property=\"og:type\" content=\"article\" \/>\n<meta property=\"og:title\" content=\"Impressum - Kieferorthop\u00e4die Seelscheid\" \/>\n<meta property=\"og:description\" content=\"Dieses Impressum gilt auch f\u00fcr unsere Pr\u00e4senzen auf anderen Webseiten inklusive Social Media Profile. PFLICHTANGABEN NACH \u00a7 5 TMG UND \u00a7 55 RSTV Kieferorthop\u00e4die SeelscheidDr. Katharina K\u00fcpper-WolfZeithstra\u00dfe 14253819 Seelscheid Tel. 02247\/9150573praxis@kfoseelscheid.dePraxis-\/Rechtsform: Einzelpraxis JOURNALISTISCH-REDAKTIONELLE VERANTWORTUNG Sofern nicht anders vermerkt, liegt die journalistisch-redaktionelle Verantwortung bei Dr. Katharina K\u00fcpper-Wolf. Gem\u00e4\u00df \u00a7 28 BDSG widerspreche ich jeder kommerziellen Verwendung&hellip;&nbsp;Weiterlesen &raquo;Impressum\" \/>\n<meta property=\"og:url\" content=\"https:\/\/kfoseelscheid.de\/?page_id=509\" \/>\n<meta property=\"og:site_name\" content=\"Kieferorthop\u00e4die Seelscheid\" \/>\n<meta property=\"article:modified_time\" content=\"2022-10-17T10:42:51+00:00\" \/>\n<meta name=\"twitter:card\" content=\"summary_large_image\" \/>\n<meta name=\"twitter:label1\" content=\"Gesch\u00e4tzte Lesezeit\" \/>\n\t<meta name=\"twitter:data1\" content=\"3\u00a0Minuten\" \/>\n<script type=\"application\/ld+json\" class=\"yoast-schema-graph\">{\"@context\":\"https:\\\/\\\/schema.org\",\"@graph\":[{\"@type\":\"WebPage\",\"@id\":\"https:\\\/\\\/kfoseelscheid.de\\\/?page_id=509\",\"url\":\"https:\\\/\\\/kfoseelscheid.de\\\/?page_id=509\",\"name\":\"Impressum - Kieferorthop\u00e4die Seelscheid\",\"isPartOf\":{\"@id\":\"https:\\\/\\\/kfoseelscheid.de\\\/#website\"},\"datePublished\":\"2022-10-17T10:42:49+00:00\",\"dateModified\":\"2022-10-17T10:42:51+00:00\",\"breadcrumb\":{\"@id\":\"https:\\\/\\\/kfoseelscheid.de\\\/?page_id=509#breadcrumb\"},\"inLanguage\":\"de\",\"potentialAction\":[{\"@type\":\"ReadAction\",\"target\":[\"https:\\\/\\\/kfoseelscheid.de\\\/?page_id=509\"]}]},{\"@type\":\"BreadcrumbList\",\"@id\":\"https:\\\/\\\/kfoseelscheid.de\\\/?page_id=509#breadcrumb\",\"itemListElement\":[{\"@type\":\"ListItem\",\"position\":1,\"name\":\"Start\",\"item\":\"https:\\\/\\\/kfoseelscheid.de\\\/\"},{\"@type\":\"ListItem\",\"position\":2,\"name\":\"Impressum\"}]},{\"@type\":\"WebSite\",\"@id\":\"https:\\\/\\\/kfoseelscheid.de\\\/#website\",\"url\":\"https:\\\/\\\/kfoseelscheid.de\\\/\",\"name\":\"Kieferorthop\u00e4die Seelscheid\",\"description\":\"Kieferorthop\u00e4die in Seelscheid\",\"publisher\":{\"@id\":\"https:\\\/\\\/kfoseelscheid.de\\\/#organization\"},\"potentialAction\":[{\"@type\":\"SearchAction\",\"target\":{\"@type\":\"EntryPoint\",\"urlTemplate\":\"https:\\\/\\\/kfoseelscheid.de\\\/?s={search_term_string}\"},\"query-input\":{\"@type\":\"PropertyValueSpecification\",\"valueRequired\":true,\"valueName\":\"search_term_string\"}}],\"inLanguage\":\"de\"},{\"@type\":\"Organization\",\"@id\":\"https:\\\/\\\/kfoseelscheid.de\\\/#organization\",\"name\":\"Kieferorthop\u00e4die Seelscheid\",\"url\":\"https:\\\/\\\/kfoseelscheid.de\\\/\",\"logo\":{\"@type\":\"ImageObject\",\"inLanguage\":\"de\",\"@id\":\"https:\\\/\\\/kfoseelscheid.de\\\/#\\\/schema\\\/logo\\\/image\\\/\",\"url\":\"https:\\\/\\\/kfoseelscheid.de\\\/wp-content\\\/uploads\\\/2020\\\/12\\\/web-agency-logo-3.png\",\"contentUrl\":\"https:\\\/\\\/kfoseelscheid.de\\\/wp-content\\\/uploads\\\/2020\\\/12\\\/web-agency-logo-3.png\",\"width\":200,\"height\":200,\"caption\":\"Kieferorthop\u00e4die Seelscheid\"},\"image\":{\"@id\":\"https:\\\/\\\/kfoseelscheid.de\\\/#\\\/schema\\\/logo\\\/image\\\/\"}}]}<\/script>\n<!-- \/ Yoast SEO plugin. -->","yoast_head_json":{"title":"Impressum - Kieferorthop\u00e4die Seelscheid","robots":{"index":"index","follow":"follow","max-snippet":"max-snippet:-1","max-image-preview":"max-image-preview:large","max-video-preview":"max-video-preview:-1"},"canonical":"https:\/\/kfoseelscheid.de\/?page_id=509","og_locale":"de_DE","og_type":"article","og_title":"Impressum - Kieferorthop\u00e4die Seelscheid","og_description":"Dieses Impressum gilt auch f\u00fcr unsere Pr\u00e4senzen auf anderen Webseiten inklusive Social Media Profile. PFLICHTANGABEN NACH \u00a7 5 TMG UND \u00a7 55 RSTV Kieferorthop\u00e4die SeelscheidDr. Katharina K\u00fcpper-WolfZeithstra\u00dfe 14253819 Seelscheid Tel. 02247\/9150573praxis@kfoseelscheid.dePraxis-\/Rechtsform: Einzelpraxis JOURNALISTISCH-REDAKTIONELLE VERANTWORTUNG Sofern nicht anders vermerkt, liegt die journalistisch-redaktionelle Verantwortung bei Dr. Katharina K\u00fcpper-Wolf. Gem\u00e4\u00df \u00a7 28 BDSG widerspreche ich jeder kommerziellen Verwendung&hellip;&nbsp;Weiterlesen &raquo;Impressum","og_url":"https:\/\/kfoseelscheid.de\/?page_id=509","og_site_name":"Kieferorthop\u00e4die Seelscheid","article_modified_time":"2022-10-17T10:42:51+00:00","twitter_card":"summary_large_image","twitter_misc":{"Gesch\u00e4tzte Lesezeit":"3\u00a0Minuten"},"schema":{"@context":"https:\/\/schema.org","@graph":[{"@type":"WebPage","@id":"https:\/\/kfoseelscheid.de\/?page_id=509","url":"https:\/\/kfoseelscheid.de\/?page_id=509","name":"Impressum - Kieferorthop\u00e4die Seelscheid","isPartOf":{"@id":"https:\/\/kfoseelscheid.de\/#website"},"datePublished":"2022-10-17T10:42:49+00:00","dateModified":"2022-10-17T10:42:51+00:00","breadcrumb":{"@id":"https:\/\/kfoseelscheid.de\/?page_id=509#breadcrumb"},"inLanguage":"de","potentialAction":[{"@type":"ReadAction","target":["https:\/\/kfoseelscheid.de\/?page_id=509"]}]},{"@type":"BreadcrumbList","@id":"https:\/\/kfoseelscheid.de\/?page_id=509#breadcrumb","itemListElement":[{"@type":"ListItem","position":1,"name":"Start","item":"https:\/\/kfoseelscheid.de\/"},{"@type":"ListItem","position":2,"name":"Impressum"}]},{"@type":"WebSite","@id":"https:\/\/kfoseelscheid.de\/#website","url":"https:\/\/kfoseelscheid.de\/","name":"Kieferorthop\u00e4die Seelscheid","description":"Kieferorthop\u00e4die in Seelscheid","publisher":{"@id":"https:\/\/kfoseelscheid.de\/#organization"},"potentialAction":[{"@type":"SearchAction","target":{"@type":"EntryPoint","urlTemplate":"https:\/\/kfoseelscheid.de\/?s={search_term_string}"},"query-input":{"@type":"PropertyValueSpecification","valueRequired":true,"valueName":"search_term_string"}}],"inLanguage":"de"},{"@type":"Organization","@id":"https:\/\/kfoseelscheid.de\/#organization","name":"Kieferorthop\u00e4die Seelscheid","url":"https:\/\/kfoseelscheid.de\/","logo":{"@type":"ImageObject","inLanguage":"de","@id":"https:\/\/kfoseelscheid.de\/#\/schema\/logo\/image\/","url":"https:\/\/kfoseelscheid.de\/wp-content\/uploads\/2020\/12\/web-agency-logo-3.png","contentUrl":"https:\/\/kfoseelscheid.de\/wp-content\/uploads\/2020\/12\/web-agency-logo-3.png","width":200,"height":200,"caption":"Kieferorthop\u00e4die Seelscheid"},"image":{"@id":"https:\/\/kfoseelscheid.de\/#\/schema\/logo\/image\/"}}]}},"_links":{"self":[{"href":"https:\/\/kfoseelscheid.de\/index.php?rest_route=\/wp\/v2\/pages\/509","targetHints":{"allow":["GET"]}}],"collection":[{"href":"https:\/\/kfoseelscheid.de\/index.php?rest_route=\/wp\/v2\/pages"}],"about":[{"href":"https:\/\/kfoseelscheid.de\/index.php?rest_route=\/wp\/v2\/types\/page"}],"author":[{"embeddable":true,"href":"https:\/\/kfoseelscheid.de\/index.php?rest_route=\/wp\/v2\/users\/1"}],"replies":[{"embeddable":true,"href":"https:\/\/kfoseelscheid.de\/index.php?rest_route=%2Fwp%2Fv2%2Fcomments&post=509"}],"version-history":[{"count":1,"href":"https:\/\/kfoseelscheid.de\/index.php?rest_route=\/wp\/v2\/pages\/509\/revisions"}],"predecessor-version":[{"id":510,"href":"https:\/\/kfoseelscheid.de\/index.php?rest_route=\/wp\/v2\/pages\/509\/revisions\/510"}],"wp:attachment":[{"href":"https:\/\/kfoseelscheid.de\/index.php?rest_route=%2Fwp%2Fv2%2Fmedia&parent=509"}],"curies":[{"name":"wp","href":"https:\/\/api.w.org\/{rel}","templated":true}]}}