{"id":455,"date":"2022-10-13T14:20:06","date_gmt":"2022-10-13T12:20:06","guid":{"rendered":"https:\/\/xn--kieferorthopde-seelscheid-wec.de\/?page_id=455"},"modified":"2022-10-13T14:20:07","modified_gmt":"2022-10-13T12:20:07","slug":"unsichtbare-kieferorthopaedie","status":"publish","type":"page","link":"https:\/\/kfoseelscheid.de\/?page_id=455","title":{"rendered":"UNSICHTBARE KIEFERORTHOP\u00c4DIE"},"content":{"rendered":"\n<figure class=\"wp-block-image\"><img decoding=\"async\" src=\"https:\/\/kfoseelscheid.de\/wp-content\/uploads\/2016\/02\/Invisalign-2-e1475009117365-300x300.jpg\" alt=\"\"\/><\/figure>\n\n\n\n<p>Durch Anwendung moderner digitaler Methoden sind wir heute in der Lage Ihnen eine Vielzahl von Behandlungsmethoden in unserer Praxis anzubieten, die ihre kieferorthop\u00e4dische Behandlung f\u00fcr Ihre Mitmenschen nicht sichtbar macht. Ihre Umgebung wird lediglich bemerken, wie sich ihr L\u00e4cheln mit der Zeit versch\u00f6nert. Insbesondere bei Zahnfehlstellungen, bei denen herk\u00f6mmliche Alignertherapien an ihre Grenzen sto\u00dfen, bieten wir ihnen eine langj\u00e4hrige therapeutische Erfahrung in unserer Praxis. Neben den \u201esichtbaren\u201c Behandlungsverfahren stellen wir Ihnen im Rahmen der Erstberatung in unserer Praxis auch gerne \u201eunsichbare\u201c L\u00f6sungen vor und geben Ihnen Informationen zur Hand, sodass Sie Ihre pers\u00f6nliche Therapieentscheidung treffen k\u00f6nnen.<\/p>\n\n\n\n<p>Gerne erarbeiten wir mit Ihnen bereits bei der Erstberatung eine auf ihre individuelle Zahn- und Kieferfehlstellung abgestimmte Strategie.<\/p>\n\n\n\n<p>Invisalign\u00ae ist ein unsichtbares System, welches \u00fcber den regelm\u00e4\u00dfigen Wechsel von individuell f\u00fcr Sie hergestellten transparenten Schienen (Alignern) die Korrektur von Zahnfehlstellungen bewirkt. Erfahren Sie mehr \u00fcber&nbsp;<a href=\"http:\/\/kfoseelscheid.de\/invisalign\/\">Invisalign\u00ae<\/a><\/p>\n","protected":false},"excerpt":{"rendered":"<p>Durch Anwendung moderner digitaler Methoden sind wir heute in der Lage Ihnen eine Vielzahl von Behandlungsmethoden in unserer Praxis anzubieten, die ihre kieferorthop\u00e4dische Behandlung f\u00fcr Ihre Mitmenschen nicht sichtbar macht. Ihre Umgebung wird lediglich bemerken, wie sich ihr L\u00e4cheln mit der Zeit versch\u00f6nert. Insbesondere bei Zahnfehlstellungen, bei denen herk\u00f6mmliche Alignertherapien an ihre Grenzen sto\u00dfen, bieten&hellip;&nbsp;<a href=\"https:\/\/kfoseelscheid.de\/?page_id=455\" rel=\"bookmark\">Weiterlesen &raquo;<span class=\"screen-reader-text\">UNSICHTBARE KIEFERORTHOP\u00c4DIE<\/span><\/a><\/p>\n","protected":false},"author":1,"featured_media":0,"parent":0,"menu_order":0,"comment_status":"closed","ping_status":"closed","template":"","meta":{"neve_meta_sidebar":"","neve_meta_container":"","neve_meta_enable_content_width":"","neve_meta_content_width":0,"neve_meta_title_alignment":"","neve_meta_author_avatar":"","neve_post_elements_order":"","neve_meta_disable_header":"","neve_meta_disable_footer":"","neve_meta_disable_title":"","footnotes":""},"class_list":["post-455","page","type-page","status-publish","hentry"],"yoast_head":"<!-- This site is optimized with the Yoast SEO plugin v27.4 - https:\/\/yoast.com\/product\/yoast-seo-wordpress\/ -->\n<title>UNSICHTBARE KIEFERORTHOP\u00c4DIE - Kieferorthop\u00e4die Seelscheid<\/title>\n<meta name=\"robots\" content=\"index, follow, max-snippet:-1, max-image-preview:large, max-video-preview:-1\" \/>\n<link rel=\"canonical\" href=\"https:\/\/kfoseelscheid.de\/?page_id=455\" \/>\n<meta property=\"og:locale\" content=\"de_DE\" \/>\n<meta property=\"og:type\" content=\"article\" \/>\n<meta property=\"og:title\" content=\"UNSICHTBARE KIEFERORTHOP\u00c4DIE - Kieferorthop\u00e4die Seelscheid\" \/>\n<meta property=\"og:description\" content=\"Durch Anwendung moderner digitaler Methoden sind wir heute in der Lage Ihnen eine Vielzahl von Behandlungsmethoden in unserer Praxis anzubieten, die ihre kieferorthop\u00e4dische Behandlung f\u00fcr Ihre Mitmenschen nicht sichtbar macht. Ihre Umgebung wird lediglich bemerken, wie sich ihr L\u00e4cheln mit der Zeit versch\u00f6nert. Insbesondere bei Zahnfehlstellungen, bei denen herk\u00f6mmliche Alignertherapien an ihre Grenzen sto\u00dfen, bieten&hellip;&nbsp;Weiterlesen &raquo;UNSICHTBARE KIEFERORTHOP\u00c4DIE\" \/>\n<meta property=\"og:url\" content=\"https:\/\/kfoseelscheid.de\/?page_id=455\" \/>\n<meta property=\"og:site_name\" content=\"Kieferorthop\u00e4die Seelscheid\" \/>\n<meta property=\"article:modified_time\" content=\"2022-10-13T12:20:07+00:00\" \/>\n<meta property=\"og:image\" content=\"https:\/\/kfoseelscheid.de\/wp-content\/uploads\/2016\/02\/Invisalign-2-e1475009117365-300x300.jpg\" \/>\n<meta name=\"twitter:card\" content=\"summary_large_image\" \/>\n<meta name=\"twitter:label1\" content=\"Gesch\u00e4tzte Lesezeit\" \/>\n\t<meta name=\"twitter:data1\" content=\"1\u00a0Minute\" \/>\n<script type=\"application\/ld+json\" class=\"yoast-schema-graph\">{\"@context\":\"https:\\\/\\\/schema.org\",\"@graph\":[{\"@type\":\"WebPage\",\"@id\":\"https:\\\/\\\/kfoseelscheid.de\\\/?page_id=455\",\"url\":\"https:\\\/\\\/kfoseelscheid.de\\\/?page_id=455\",\"name\":\"UNSICHTBARE KIEFERORTHOP\u00c4DIE - Kieferorthop\u00e4die Seelscheid\",\"isPartOf\":{\"@id\":\"https:\\\/\\\/kfoseelscheid.de\\\/#website\"},\"primaryImageOfPage\":{\"@id\":\"https:\\\/\\\/kfoseelscheid.de\\\/?page_id=455#primaryimage\"},\"image\":{\"@id\":\"https:\\\/\\\/kfoseelscheid.de\\\/?page_id=455#primaryimage\"},\"thumbnailUrl\":\"https:\\\/\\\/kfoseelscheid.de\\\/wp-content\\\/uploads\\\/2016\\\/02\\\/Invisalign-2-e1475009117365-300x300.jpg\",\"datePublished\":\"2022-10-13T12:20:06+00:00\",\"dateModified\":\"2022-10-13T12:20:07+00:00\",\"breadcrumb\":{\"@id\":\"https:\\\/\\\/kfoseelscheid.de\\\/?page_id=455#breadcrumb\"},\"inLanguage\":\"de\",\"potentialAction\":[{\"@type\":\"ReadAction\",\"target\":[\"https:\\\/\\\/kfoseelscheid.de\\\/?page_id=455\"]}]},{\"@type\":\"ImageObject\",\"inLanguage\":\"de\",\"@id\":\"https:\\\/\\\/kfoseelscheid.de\\\/?page_id=455#primaryimage\",\"url\":\"https:\\\/\\\/kfoseelscheid.de\\\/wp-content\\\/uploads\\\/2016\\\/02\\\/Invisalign-2-e1475009117365-300x300.jpg\",\"contentUrl\":\"https:\\\/\\\/kfoseelscheid.de\\\/wp-content\\\/uploads\\\/2016\\\/02\\\/Invisalign-2-e1475009117365-300x300.jpg\"},{\"@type\":\"BreadcrumbList\",\"@id\":\"https:\\\/\\\/kfoseelscheid.de\\\/?page_id=455#breadcrumb\",\"itemListElement\":[{\"@type\":\"ListItem\",\"position\":1,\"name\":\"Start\",\"item\":\"https:\\\/\\\/kfoseelscheid.de\\\/\"},{\"@type\":\"ListItem\",\"position\":2,\"name\":\"UNSICHTBARE KIEFERORTHOP\u00c4DIE\"}]},{\"@type\":\"WebSite\",\"@id\":\"https:\\\/\\\/kfoseelscheid.de\\\/#website\",\"url\":\"https:\\\/\\\/kfoseelscheid.de\\\/\",\"name\":\"Kieferorthop\u00e4die Seelscheid\",\"description\":\"Kieferorthop\u00e4die in Seelscheid\",\"publisher\":{\"@id\":\"https:\\\/\\\/kfoseelscheid.de\\\/#organization\"},\"potentialAction\":[{\"@type\":\"SearchAction\",\"target\":{\"@type\":\"EntryPoint\",\"urlTemplate\":\"https:\\\/\\\/kfoseelscheid.de\\\/?s={search_term_string}\"},\"query-input\":{\"@type\":\"PropertyValueSpecification\",\"valueRequired\":true,\"valueName\":\"search_term_string\"}}],\"inLanguage\":\"de\"},{\"@type\":\"Organization\",\"@id\":\"https:\\\/\\\/kfoseelscheid.de\\\/#organization\",\"name\":\"Kieferorthop\u00e4die Seelscheid\",\"url\":\"https:\\\/\\\/kfoseelscheid.de\\\/\",\"logo\":{\"@type\":\"ImageObject\",\"inLanguage\":\"de\",\"@id\":\"https:\\\/\\\/kfoseelscheid.de\\\/#\\\/schema\\\/logo\\\/image\\\/\",\"url\":\"https:\\\/\\\/kfoseelscheid.de\\\/wp-content\\\/uploads\\\/2020\\\/12\\\/web-agency-logo-3.png\",\"contentUrl\":\"https:\\\/\\\/kfoseelscheid.de\\\/wp-content\\\/uploads\\\/2020\\\/12\\\/web-agency-logo-3.png\",\"width\":200,\"height\":200,\"caption\":\"Kieferorthop\u00e4die Seelscheid\"},\"image\":{\"@id\":\"https:\\\/\\\/kfoseelscheid.de\\\/#\\\/schema\\\/logo\\\/image\\\/\"}}]}<\/script>\n<!-- \/ Yoast SEO plugin. -->","yoast_head_json":{"title":"UNSICHTBARE KIEFERORTHOP\u00c4DIE - Kieferorthop\u00e4die Seelscheid","robots":{"index":"index","follow":"follow","max-snippet":"max-snippet:-1","max-image-preview":"max-image-preview:large","max-video-preview":"max-video-preview:-1"},"canonical":"https:\/\/kfoseelscheid.de\/?page_id=455","og_locale":"de_DE","og_type":"article","og_title":"UNSICHTBARE KIEFERORTHOP\u00c4DIE - Kieferorthop\u00e4die Seelscheid","og_description":"Durch Anwendung moderner digitaler Methoden sind wir heute in der Lage Ihnen eine Vielzahl von Behandlungsmethoden in unserer Praxis anzubieten, die ihre kieferorthop\u00e4dische Behandlung f\u00fcr Ihre Mitmenschen nicht sichtbar macht. Ihre Umgebung wird lediglich bemerken, wie sich ihr L\u00e4cheln mit der Zeit versch\u00f6nert. Insbesondere bei Zahnfehlstellungen, bei denen herk\u00f6mmliche Alignertherapien an ihre Grenzen sto\u00dfen, bieten&hellip;&nbsp;Weiterlesen &raquo;UNSICHTBARE KIEFERORTHOP\u00c4DIE","og_url":"https:\/\/kfoseelscheid.de\/?page_id=455","og_site_name":"Kieferorthop\u00e4die Seelscheid","article_modified_time":"2022-10-13T12:20:07+00:00","og_image":[{"url":"https:\/\/kfoseelscheid.de\/wp-content\/uploads\/2016\/02\/Invisalign-2-e1475009117365-300x300.jpg","type":"","width":"","height":""}],"twitter_card":"summary_large_image","twitter_misc":{"Gesch\u00e4tzte Lesezeit":"1\u00a0Minute"},"schema":{"@context":"https:\/\/schema.org","@graph":[{"@type":"WebPage","@id":"https:\/\/kfoseelscheid.de\/?page_id=455","url":"https:\/\/kfoseelscheid.de\/?page_id=455","name":"UNSICHTBARE KIEFERORTHOP\u00c4DIE - Kieferorthop\u00e4die Seelscheid","isPartOf":{"@id":"https:\/\/kfoseelscheid.de\/#website"},"primaryImageOfPage":{"@id":"https:\/\/kfoseelscheid.de\/?page_id=455#primaryimage"},"image":{"@id":"https:\/\/kfoseelscheid.de\/?page_id=455#primaryimage"},"thumbnailUrl":"https:\/\/kfoseelscheid.de\/wp-content\/uploads\/2016\/02\/Invisalign-2-e1475009117365-300x300.jpg","datePublished":"2022-10-13T12:20:06+00:00","dateModified":"2022-10-13T12:20:07+00:00","breadcrumb":{"@id":"https:\/\/kfoseelscheid.de\/?page_id=455#breadcrumb"},"inLanguage":"de","potentialAction":[{"@type":"ReadAction","target":["https:\/\/kfoseelscheid.de\/?page_id=455"]}]},{"@type":"ImageObject","inLanguage":"de","@id":"https:\/\/kfoseelscheid.de\/?page_id=455#primaryimage","url":"https:\/\/kfoseelscheid.de\/wp-content\/uploads\/2016\/02\/Invisalign-2-e1475009117365-300x300.jpg","contentUrl":"https:\/\/kfoseelscheid.de\/wp-content\/uploads\/2016\/02\/Invisalign-2-e1475009117365-300x300.jpg"},{"@type":"BreadcrumbList","@id":"https:\/\/kfoseelscheid.de\/?page_id=455#breadcrumb","itemListElement":[{"@type":"ListItem","position":1,"name":"Start","item":"https:\/\/kfoseelscheid.de\/"},{"@type":"ListItem","position":2,"name":"UNSICHTBARE KIEFERORTHOP\u00c4DIE"}]},{"@type":"WebSite","@id":"https:\/\/kfoseelscheid.de\/#website","url":"https:\/\/kfoseelscheid.de\/","name":"Kieferorthop\u00e4die Seelscheid","description":"Kieferorthop\u00e4die in Seelscheid","publisher":{"@id":"https:\/\/kfoseelscheid.de\/#organization"},"potentialAction":[{"@type":"SearchAction","target":{"@type":"EntryPoint","urlTemplate":"https:\/\/kfoseelscheid.de\/?s={search_term_string}"},"query-input":{"@type":"PropertyValueSpecification","valueRequired":true,"valueName":"search_term_string"}}],"inLanguage":"de"},{"@type":"Organization","@id":"https:\/\/kfoseelscheid.de\/#organization","name":"Kieferorthop\u00e4die Seelscheid","url":"https:\/\/kfoseelscheid.de\/","logo":{"@type":"ImageObject","inLanguage":"de","@id":"https:\/\/kfoseelscheid.de\/#\/schema\/logo\/image\/","url":"https:\/\/kfoseelscheid.de\/wp-content\/uploads\/2020\/12\/web-agency-logo-3.png","contentUrl":"https:\/\/kfoseelscheid.de\/wp-content\/uploads\/2020\/12\/web-agency-logo-3.png","width":200,"height":200,"caption":"Kieferorthop\u00e4die Seelscheid"},"image":{"@id":"https:\/\/kfoseelscheid.de\/#\/schema\/logo\/image\/"}}]}},"_links":{"self":[{"href":"https:\/\/kfoseelscheid.de\/index.php?rest_route=\/wp\/v2\/pages\/455","targetHints":{"allow":["GET"]}}],"collection":[{"href":"https:\/\/kfoseelscheid.de\/index.php?rest_route=\/wp\/v2\/pages"}],"about":[{"href":"https:\/\/kfoseelscheid.de\/index.php?rest_route=\/wp\/v2\/types\/page"}],"author":[{"embeddable":true,"href":"https:\/\/kfoseelscheid.de\/index.php?rest_route=\/wp\/v2\/users\/1"}],"replies":[{"embeddable":true,"href":"https:\/\/kfoseelscheid.de\/index.php?rest_route=%2Fwp%2Fv2%2Fcomments&post=455"}],"version-history":[{"count":1,"href":"https:\/\/kfoseelscheid.de\/index.php?rest_route=\/wp\/v2\/pages\/455\/revisions"}],"predecessor-version":[{"id":456,"href":"https:\/\/kfoseelscheid.de\/index.php?rest_route=\/wp\/v2\/pages\/455\/revisions\/456"}],"wp:attachment":[{"href":"https:\/\/kfoseelscheid.de\/index.php?rest_route=%2Fwp%2Fv2%2Fmedia&parent=455"}],"curies":[{"name":"wp","href":"https:\/\/api.w.org\/{rel}","templated":true}]}}