{"id":370,"date":"2022-10-11T09:52:36","date_gmt":"2022-10-11T07:52:36","guid":{"rendered":"https:\/\/xn--kieferorthopde-seelscheid-wec.de\/?page_id=370"},"modified":"2022-10-11T12:03:26","modified_gmt":"2022-10-11T10:03:26","slug":"beratung","status":"publish","type":"page","link":"https:\/\/kfoseelscheid.de\/?page_id=370","title":{"rendered":"Beratung"},"content":{"rendered":"\n<p>Bei Ihrem ersten Termin zur Beratung in unserer Praxis m\u00f6chten wir Ihnen die M\u00f6glichkeit geben, einen \u00dcberblick \u00fcber die Behandlungsnotwendigkeit und die M\u00f6glichkeiten einer Korrektur Ihrer Zahnfehlstellung zu erlangen.&nbsp;Zun\u00e4chst untersuchen wir bei diesem Termin klinisch Ihre Z\u00e4hne ebenso wie Ihre Bisslage und die Kaufunktion. Hier ist uns besonders wichtig auch \u00fcber Ihre pers\u00f6nlichen W\u00fcnsche und Ziele mit Ihnen zu sprechen.<\/p>\n\n\n\n<p>Unser Ziel ist es, mit Ihnen gemeinsam f\u00fcr Sie in Frage kommende Behandlungsverfahren und die erreichbaren Ziele darzulegen.&nbsp;In Folge der Beratung haben Sie die M\u00f6glichkeit sich einen individuellen Therapieplan erstellen zu lassen, den wir mit Ihrem Hauszahnarzt abstimmen, um die Behandlung zu beginnen.<\/p>\n\n\n\n<p>Bei einer Planbesprechung m\u00f6chten wir gerne alle offenen Fragen mit Ihnen besprechen. Bei R\u00fcckfragen kann selbstverst\u00e4ndlich jederzeit ein weiterer Beratungstermin oder ein Telefontermin mit dem behandelnden Arzt vereinbart werden.<\/p>\n\n\n\n<p><strong>Vereinbaren Sie gerne sofort Ihren Beratungstermin unter 02247\/9150573, per Mail oder \u00fcber unsere Online-Terminvereinbarung.<\/strong><\/p>\n\n\n\n<p>Bitte beachten Sie, dass wir aus organisatorischen Gr\u00fcnden nur eine kleinere Auswahl f\u00fcr Beratungstermine zur Onlinebuchung zur Verf\u00fcgung stellen k\u00f6nnen.<\/p>\n\n\n\n<div class=\"wp-block-buttons is-layout-flex wp-block-buttons-is-layout-flex\">\n<div class=\"wp-block-button\"><a class=\"wp-block-button__link has-nv-c-2-background-color has-background\" href=\"https:\/\/kfoseelscheid.de\/?page_id=376\">Jetzt Beratungstermin vereinbaren<\/a><\/div>\n<\/div>\n\n\n\n<p><\/p>\n\n\n\n<p><\/p>\n\n\n\n<p><\/p>\n","protected":false},"excerpt":{"rendered":"<p>Bei Ihrem ersten Termin zur Beratung in unserer Praxis m\u00f6chten wir Ihnen die M\u00f6glichkeit geben, einen \u00dcberblick \u00fcber die Behandlungsnotwendigkeit und die M\u00f6glichkeiten einer Korrektur Ihrer Zahnfehlstellung zu erlangen.&nbsp;Zun\u00e4chst untersuchen wir bei diesem Termin klinisch Ihre Z\u00e4hne ebenso wie Ihre Bisslage und die Kaufunktion. Hier ist uns besonders wichtig auch \u00fcber Ihre pers\u00f6nlichen W\u00fcnsche und&hellip;&nbsp;<a href=\"https:\/\/kfoseelscheid.de\/?page_id=370\" rel=\"bookmark\">Weiterlesen &raquo;<span class=\"screen-reader-text\">Beratung<\/span><\/a><\/p>\n","protected":false},"author":1,"featured_media":0,"parent":0,"menu_order":0,"comment_status":"closed","ping_status":"closed","template":"","meta":{"neve_meta_sidebar":"","neve_meta_container":"","neve_meta_enable_content_width":"","neve_meta_content_width":0,"neve_meta_title_alignment":"","neve_meta_author_avatar":"","neve_post_elements_order":"","neve_meta_disable_header":"","neve_meta_disable_footer":"","neve_meta_disable_title":"","footnotes":""},"class_list":["post-370","page","type-page","status-publish","hentry"],"yoast_head":"<!-- This site is optimized with the Yoast SEO plugin v27.5 - https:\/\/yoast.com\/product\/yoast-seo-wordpress\/ -->\n<title>Beratung - Kieferorthop\u00e4die Seelscheid<\/title>\n<meta name=\"robots\" content=\"index, follow, max-snippet:-1, max-image-preview:large, max-video-preview:-1\" \/>\n<link rel=\"canonical\" href=\"https:\/\/kfoseelscheid.de\/?page_id=370\" \/>\n<meta property=\"og:locale\" content=\"de_DE\" \/>\n<meta property=\"og:type\" content=\"article\" \/>\n<meta property=\"og:title\" content=\"Beratung - Kieferorthop\u00e4die Seelscheid\" \/>\n<meta property=\"og:description\" content=\"Bei Ihrem ersten Termin zur Beratung in unserer Praxis m\u00f6chten wir Ihnen die M\u00f6glichkeit geben, einen \u00dcberblick \u00fcber die Behandlungsnotwendigkeit und die M\u00f6glichkeiten einer Korrektur Ihrer Zahnfehlstellung zu erlangen.&nbsp;Zun\u00e4chst untersuchen wir bei diesem Termin klinisch Ihre Z\u00e4hne ebenso wie Ihre Bisslage und die Kaufunktion. Hier ist uns besonders wichtig auch \u00fcber Ihre pers\u00f6nlichen W\u00fcnsche und&hellip;&nbsp;Weiterlesen &raquo;Beratung\" \/>\n<meta property=\"og:url\" content=\"https:\/\/kfoseelscheid.de\/?page_id=370\" \/>\n<meta property=\"og:site_name\" content=\"Kieferorthop\u00e4die Seelscheid\" \/>\n<meta property=\"article:modified_time\" content=\"2022-10-11T10:03:26+00:00\" \/>\n<meta name=\"twitter:card\" content=\"summary_large_image\" \/>\n<meta name=\"twitter:label1\" content=\"Gesch\u00e4tzte Lesezeit\" \/>\n\t<meta name=\"twitter:data1\" content=\"1\u00a0Minute\" \/>\n<script type=\"application\/ld+json\" class=\"yoast-schema-graph\">{\"@context\":\"https:\\\/\\\/schema.org\",\"@graph\":[{\"@type\":\"WebPage\",\"@id\":\"https:\\\/\\\/kfoseelscheid.de\\\/?page_id=370\",\"url\":\"https:\\\/\\\/kfoseelscheid.de\\\/?page_id=370\",\"name\":\"Beratung - Kieferorthop\u00e4die Seelscheid\",\"isPartOf\":{\"@id\":\"https:\\\/\\\/kfoseelscheid.de\\\/#website\"},\"datePublished\":\"2022-10-11T07:52:36+00:00\",\"dateModified\":\"2022-10-11T10:03:26+00:00\",\"breadcrumb\":{\"@id\":\"https:\\\/\\\/kfoseelscheid.de\\\/?page_id=370#breadcrumb\"},\"inLanguage\":\"de\",\"potentialAction\":[{\"@type\":\"ReadAction\",\"target\":[\"https:\\\/\\\/kfoseelscheid.de\\\/?page_id=370\"]}]},{\"@type\":\"BreadcrumbList\",\"@id\":\"https:\\\/\\\/kfoseelscheid.de\\\/?page_id=370#breadcrumb\",\"itemListElement\":[{\"@type\":\"ListItem\",\"position\":1,\"name\":\"Start\",\"item\":\"https:\\\/\\\/kfoseelscheid.de\\\/\"},{\"@type\":\"ListItem\",\"position\":2,\"name\":\"Beratung\"}]},{\"@type\":\"WebSite\",\"@id\":\"https:\\\/\\\/kfoseelscheid.de\\\/#website\",\"url\":\"https:\\\/\\\/kfoseelscheid.de\\\/\",\"name\":\"Kieferorthop\u00e4die Seelscheid\",\"description\":\"Kieferorthop\u00e4die in Seelscheid\",\"publisher\":{\"@id\":\"https:\\\/\\\/kfoseelscheid.de\\\/#organization\"},\"potentialAction\":[{\"@type\":\"SearchAction\",\"target\":{\"@type\":\"EntryPoint\",\"urlTemplate\":\"https:\\\/\\\/kfoseelscheid.de\\\/?s={search_term_string}\"},\"query-input\":{\"@type\":\"PropertyValueSpecification\",\"valueRequired\":true,\"valueName\":\"search_term_string\"}}],\"inLanguage\":\"de\"},{\"@type\":\"Organization\",\"@id\":\"https:\\\/\\\/kfoseelscheid.de\\\/#organization\",\"name\":\"Kieferorthop\u00e4die Seelscheid\",\"url\":\"https:\\\/\\\/kfoseelscheid.de\\\/\",\"logo\":{\"@type\":\"ImageObject\",\"inLanguage\":\"de\",\"@id\":\"https:\\\/\\\/kfoseelscheid.de\\\/#\\\/schema\\\/logo\\\/image\\\/\",\"url\":\"https:\\\/\\\/kfoseelscheid.de\\\/wp-content\\\/uploads\\\/2020\\\/12\\\/web-agency-logo-3.png\",\"contentUrl\":\"https:\\\/\\\/kfoseelscheid.de\\\/wp-content\\\/uploads\\\/2020\\\/12\\\/web-agency-logo-3.png\",\"width\":200,\"height\":200,\"caption\":\"Kieferorthop\u00e4die Seelscheid\"},\"image\":{\"@id\":\"https:\\\/\\\/kfoseelscheid.de\\\/#\\\/schema\\\/logo\\\/image\\\/\"}}]}<\/script>\n<!-- \/ Yoast SEO plugin. -->","yoast_head_json":{"title":"Beratung - Kieferorthop\u00e4die Seelscheid","robots":{"index":"index","follow":"follow","max-snippet":"max-snippet:-1","max-image-preview":"max-image-preview:large","max-video-preview":"max-video-preview:-1"},"canonical":"https:\/\/kfoseelscheid.de\/?page_id=370","og_locale":"de_DE","og_type":"article","og_title":"Beratung - Kieferorthop\u00e4die Seelscheid","og_description":"Bei Ihrem ersten Termin zur Beratung in unserer Praxis m\u00f6chten wir Ihnen die M\u00f6glichkeit geben, einen \u00dcberblick \u00fcber die Behandlungsnotwendigkeit und die M\u00f6glichkeiten einer Korrektur Ihrer Zahnfehlstellung zu erlangen.&nbsp;Zun\u00e4chst untersuchen wir bei diesem Termin klinisch Ihre Z\u00e4hne ebenso wie Ihre Bisslage und die Kaufunktion. Hier ist uns besonders wichtig auch \u00fcber Ihre pers\u00f6nlichen W\u00fcnsche und&hellip;&nbsp;Weiterlesen &raquo;Beratung","og_url":"https:\/\/kfoseelscheid.de\/?page_id=370","og_site_name":"Kieferorthop\u00e4die Seelscheid","article_modified_time":"2022-10-11T10:03:26+00:00","twitter_card":"summary_large_image","twitter_misc":{"Gesch\u00e4tzte Lesezeit":"1\u00a0Minute"},"schema":{"@context":"https:\/\/schema.org","@graph":[{"@type":"WebPage","@id":"https:\/\/kfoseelscheid.de\/?page_id=370","url":"https:\/\/kfoseelscheid.de\/?page_id=370","name":"Beratung - Kieferorthop\u00e4die Seelscheid","isPartOf":{"@id":"https:\/\/kfoseelscheid.de\/#website"},"datePublished":"2022-10-11T07:52:36+00:00","dateModified":"2022-10-11T10:03:26+00:00","breadcrumb":{"@id":"https:\/\/kfoseelscheid.de\/?page_id=370#breadcrumb"},"inLanguage":"de","potentialAction":[{"@type":"ReadAction","target":["https:\/\/kfoseelscheid.de\/?page_id=370"]}]},{"@type":"BreadcrumbList","@id":"https:\/\/kfoseelscheid.de\/?page_id=370#breadcrumb","itemListElement":[{"@type":"ListItem","position":1,"name":"Start","item":"https:\/\/kfoseelscheid.de\/"},{"@type":"ListItem","position":2,"name":"Beratung"}]},{"@type":"WebSite","@id":"https:\/\/kfoseelscheid.de\/#website","url":"https:\/\/kfoseelscheid.de\/","name":"Kieferorthop\u00e4die Seelscheid","description":"Kieferorthop\u00e4die in Seelscheid","publisher":{"@id":"https:\/\/kfoseelscheid.de\/#organization"},"potentialAction":[{"@type":"SearchAction","target":{"@type":"EntryPoint","urlTemplate":"https:\/\/kfoseelscheid.de\/?s={search_term_string}"},"query-input":{"@type":"PropertyValueSpecification","valueRequired":true,"valueName":"search_term_string"}}],"inLanguage":"de"},{"@type":"Organization","@id":"https:\/\/kfoseelscheid.de\/#organization","name":"Kieferorthop\u00e4die Seelscheid","url":"https:\/\/kfoseelscheid.de\/","logo":{"@type":"ImageObject","inLanguage":"de","@id":"https:\/\/kfoseelscheid.de\/#\/schema\/logo\/image\/","url":"https:\/\/kfoseelscheid.de\/wp-content\/uploads\/2020\/12\/web-agency-logo-3.png","contentUrl":"https:\/\/kfoseelscheid.de\/wp-content\/uploads\/2020\/12\/web-agency-logo-3.png","width":200,"height":200,"caption":"Kieferorthop\u00e4die Seelscheid"},"image":{"@id":"https:\/\/kfoseelscheid.de\/#\/schema\/logo\/image\/"}}]}},"_links":{"self":[{"href":"https:\/\/kfoseelscheid.de\/index.php?rest_route=\/wp\/v2\/pages\/370","targetHints":{"allow":["GET"]}}],"collection":[{"href":"https:\/\/kfoseelscheid.de\/index.php?rest_route=\/wp\/v2\/pages"}],"about":[{"href":"https:\/\/kfoseelscheid.de\/index.php?rest_route=\/wp\/v2\/types\/page"}],"author":[{"embeddable":true,"href":"https:\/\/kfoseelscheid.de\/index.php?rest_route=\/wp\/v2\/users\/1"}],"replies":[{"embeddable":true,"href":"https:\/\/kfoseelscheid.de\/index.php?rest_route=%2Fwp%2Fv2%2Fcomments&post=370"}],"version-history":[{"count":3,"href":"https:\/\/kfoseelscheid.de\/index.php?rest_route=\/wp\/v2\/pages\/370\/revisions"}],"predecessor-version":[{"id":444,"href":"https:\/\/kfoseelscheid.de\/index.php?rest_route=\/wp\/v2\/pages\/370\/revisions\/444"}],"wp:attachment":[{"href":"https:\/\/kfoseelscheid.de\/index.php?rest_route=%2Fwp%2Fv2%2Fmedia&parent=370"}],"curies":[{"name":"wp","href":"https:\/\/api.w.org\/{rel}","templated":true}]}}